{"id":44,"date":"2019-02-06T11:58:01","date_gmt":"2019-02-06T11:58:01","guid":{"rendered":"http:\/\/h46082.web171.dogado.net\/?page_id=44"},"modified":"2019-02-06T18:37:36","modified_gmt":"2019-02-06T18:37:36","slug":"datenschutz","status":"publish","type":"page","link":"http:\/\/www.vontiedemann.com\/?page_id=44","title":{"rendered":"DATENSCHUTZ"},"content":{"rendered":"\n<p><strong>1. Datenschutz auf einen Blick <\/strong><\/p>\n\n\n\n<p>Allgemeine Hinweise <\/p>\n\n\n\n<p>Die folgenden Hinweise geben einen einfachen \u00dcberblick \ndar\u00fcber, was mit Ihren personenbezogenen Daten passiert, wenn Sie unsere\n Website besuchen. Personenbezogene Daten sind alle Daten, mit denen Sie\n pers\u00f6nlich identifiziert werden k\u00f6nnen. Ausf\u00fchrliche Informationen zum \nThema Datenschutz entnehmen Sie unserer unter diesem Text aufgef\u00fchrten \nDatenschutzerkl\u00e4rung. <\/p>\n\n\n\n<p><strong>2. Allgemeine Hinweise und Pflichtinformationen <\/strong><\/p>\n\n\n\n<p>Beschwerderecht bei der zust\u00e4ndigen Aufsichtsbeh\u00f6rde Im \nFalle datenschutzrechtlicher Verst\u00f6\u00dfe steht dem Betroffenen ein \nBeschwerderecht bei der zust\u00e4ndigen Aufsichtsbeh\u00f6rde zu. Zust\u00e4ndige \nAufsichtsbeh\u00f6rde in datenschutzrechtlichen Fragen ist der \nLandesdatenschutzbeauftragte des Bundeslandes, in dem unser Unternehmen \nseinen Sitz hat. Eine Liste der Datenschutzbeauftragten sowie deren \nKontaktdaten k\u00f6nnen folgendem Link entnommen werden: \nhttps:\/\/www.bfdi.bund.de\/DE\/Infothek\/Anschriften_Links\/anschriften_links-node.html.\n <\/p>\n\n\n\n<p><strong>Auskunft, Sperrung, L\u00f6schung <\/strong><\/p>\n\n\n\n<p>Sie haben im Rahmen der geltenden gesetzlichen Bestimmungen  jederzeit das Recht auf unentgeltliche Auskunft \u00fcber Ihre gespeicherten  personenbezogenen Daten, deren Herkunft und Empf\u00e4nger und den Zweck der  Datenverarbeitung und ggf. ein Recht auf Berichtigung, Sperrung oder  L\u00f6schung dieser Daten. Hierzu sowie zu weiteren Fragen zum Thema  personenbezogene Daten k\u00f6nnen Sie sich jederzeit unter der im Impressum  angegebenen Adresse an uns wenden. Widerspruch gegen Werbe-Mails. <br>             <br>Der Nutzung von im Rahmen der Impressumspflicht  ver\u00f6ffentlichten Kontaktdaten zur \u00dcbersendung von nicht ausdr\u00fccklich  angeforderter Werbung und Informationsmaterialien wird hiermit  widersprochen. Die Betreiber der Seiten behalten sich ausdr\u00fccklich  rechtliche Schritte im Falle der unverlangten Zusendung von  Werbeinformationen, etwa durch Spam-E-Mails, vor. <\/p>\n\n\n\n<p><strong>3. Datenerfassung auf unserer Website <\/strong><\/p>\n\n\n\n<p><strong>Server-Log-Dateien <\/strong><\/p>\n\n\n\n<p>Der Provider der Seiten erhebt und speichert automatisch  Informationen in so genannten Server-Log-Dateien, die Ihr Browser  automatisch an uns \u00fcbermittelt. Dies sind: <br>             <br>   \u2022 Browsertyp und Browserversion <br>   \u2022 verwendetes Betriebssystem <br>   \u2022 Referrer URL <br>   \u2022 Hostname des zugreifenden Rechners <br>   \u2022 Uhrzeit der Serveranfrage <br>   \u2022 IP-Adresse <br>   <br>Eine Zusammenf\u00fchrung dieser Daten mit anderen Datenquellen wird nicht vorgenommen. <br>   <br>Grundlage f\u00fcr die Datenverarbeitung ist Art. 6 Abs. 1 lit. f  DSGVO, der die Verarbeitung von Daten zur Erf\u00fcllung eines Vertrags oder  vorvertraglicher Ma\u00dfnahmen gestattet. <\/p>\n\n\n\n<p><strong>4. Newsletter <\/strong><\/p>\n\n\n\n<p><strong>Newsletterdaten <\/strong><\/p>\n\n\n\n<p>Wenn Sie \nden auf der Website angebotenen Newsletter beziehen m\u00f6chten, ben\u00f6tigen \nwir von Ihnen eine E-Mail-Adresse sowie Informationen, welche uns die \n\u00dcberpr\u00fcfung gestatten, dass Sie der Inhaber der angegebenen \nE-Mail-Adresse sind und mit dem Empfang des Newsletters einverstanden \nsind. Weitere Daten werden nicht bzw. nur auf freiwilliger Basis \nerhoben. Diese Daten verwenden wir ausschlie\u00dflich f\u00fcr den Versand der \nangeforderten Informationen und geben diese nicht an Dritte weiter. Die \nVerarbeitung der in das Newsletteranmeldeformular eingegebenen Daten \nerfolgt ausschlie\u00dflich auf Grundlage Ihrer Einwilligung (Art. 6 Abs. 1 \nlit. a DSGVO). Die erteilte Einwilligung zur Speicherung der Daten, der \nE-Mail-Adresse sowie deren Nutzung zum Versand des Newsletters k\u00f6nnen \nSie jederzeit widerrufen, etwa \u00fcber den &#8222;Austragen&#8220;-Link im Newsletter. \nDie Rechtm\u00e4\u00dfigkeit der bereits erfolgten Datenverarbeitungsvorg\u00e4nge \nbleibt vom Widerruf unber\u00fchrt. Die von Ihnen zum Zwecke des \nNewsletter-Bezugs bei uns hinterlegten Daten werden von uns bis zu Ihrer\n Austragung aus dem Newsletter gespeichert und nach der Abbestellung des\n Newsletters gel\u00f6scht. Daten, die zu anderen Zwecken bei uns gespeichert\n wurden (z.B. E-Mail-Adressen f\u00fcr den Mitgliederbereich) bleiben hiervon\n unber\u00fchrt.<\/p>\n","protected":false},"excerpt":{"rendered":"<p>1. Datenschutz auf einen Blick Allgemeine Hinweise Die folgenden Hinweise geben einen einfachen \u00dcberblick dar\u00fcber, was mit Ihren personenbezogenen Daten passiert, wenn Sie unsere Website besuchen. Personenbezogene Daten sind alle Daten, mit denen Sie pers\u00f6nlich identifiziert werden k\u00f6nnen. Ausf\u00fchrliche Informationen zum Thema Datenschutz entnehmen Sie unserer unter diesem Text aufgef\u00fchrten Datenschutzerkl\u00e4rung. 2. Allgemeine Hinweise und &hellip; <\/p>\n<p class=\"link-more\"><a href=\"http:\/\/www.vontiedemann.com\/?page_id=44\" class=\"more-link\"><span class=\"screen-reader-text\">\u201eDATENSCHUTZ\u201c<\/span> weiterlesen<\/a><\/p>\n","protected":false},"author":1,"featured_media":0,"parent":0,"menu_order":0,"comment_status":"closed","ping_status":"closed","template":"","meta":{"footnotes":""},"class_list":["post-44","page","type-page","status-publish","hentry"],"yoast_head":"<!-- This site is optimized with the Yoast SEO plugin v25.6 - https:\/\/yoast.com\/wordpress\/plugins\/seo\/ -->\n<title>DATENSCHUTZ - Stephanie von Tiedemann<\/title>\n<meta name=\"robots\" content=\"index, follow, max-snippet:-1, max-image-preview:large, max-video-preview:-1\" \/>\n<link rel=\"canonical\" href=\"http:\/\/www.vontiedemann.com\/?page_id=44\" \/>\n<meta property=\"og:locale\" content=\"de_DE\" \/>\n<meta property=\"og:type\" content=\"article\" \/>\n<meta property=\"og:title\" content=\"DATENSCHUTZ - Stephanie von Tiedemann\" \/>\n<meta property=\"og:description\" content=\"1. Datenschutz auf einen Blick Allgemeine Hinweise Die folgenden Hinweise geben einen einfachen \u00dcberblick dar\u00fcber, was mit Ihren personenbezogenen Daten passiert, wenn Sie unsere Website besuchen. Personenbezogene Daten sind alle Daten, mit denen Sie pers\u00f6nlich identifiziert werden k\u00f6nnen. Ausf\u00fchrliche Informationen zum Thema Datenschutz entnehmen Sie unserer unter diesem Text aufgef\u00fchrten Datenschutzerkl\u00e4rung. 2. Allgemeine Hinweise und &hellip; \u201eDATENSCHUTZ\u201c weiterlesen\" \/>\n<meta property=\"og:url\" content=\"http:\/\/www.vontiedemann.com\/?page_id=44\" \/>\n<meta property=\"og:site_name\" content=\"Stephanie von Tiedemann\" \/>\n<meta property=\"article:modified_time\" content=\"2019-02-06T18:37:36+00:00\" \/>\n<meta name=\"twitter:card\" content=\"summary_large_image\" \/>\n<meta name=\"twitter:label1\" content=\"Gesch\u00e4tzte Lesezeit\" \/>\n\t<meta name=\"twitter:data1\" content=\"3\u00a0Minuten\" \/>\n<script type=\"application\/ld+json\" class=\"yoast-schema-graph\">{\"@context\":\"https:\/\/schema.org\",\"@graph\":[{\"@type\":\"WebPage\",\"@id\":\"http:\/\/www.vontiedemann.com\/?page_id=44\",\"url\":\"http:\/\/www.vontiedemann.com\/?page_id=44\",\"name\":\"DATENSCHUTZ - Stephanie von Tiedemann\",\"isPartOf\":{\"@id\":\"http:\/\/www.vontiedemann.com\/#website\"},\"datePublished\":\"2019-02-06T11:58:01+00:00\",\"dateModified\":\"2019-02-06T18:37:36+00:00\",\"breadcrumb\":{\"@id\":\"http:\/\/www.vontiedemann.com\/?page_id=44#breadcrumb\"},\"inLanguage\":\"de\",\"potentialAction\":[{\"@type\":\"ReadAction\",\"target\":[\"http:\/\/www.vontiedemann.com\/?page_id=44\"]}]},{\"@type\":\"BreadcrumbList\",\"@id\":\"http:\/\/www.vontiedemann.com\/?page_id=44#breadcrumb\",\"itemListElement\":[{\"@type\":\"ListItem\",\"position\":1,\"name\":\"Startseite\",\"item\":\"http:\/\/www.vontiedemann.com\/\"},{\"@type\":\"ListItem\",\"position\":2,\"name\":\"DATENSCHUTZ\"}]},{\"@type\":\"WebSite\",\"@id\":\"http:\/\/www.vontiedemann.com\/#website\",\"url\":\"http:\/\/www.vontiedemann.com\/\",\"name\":\"SvT Projekt Organisation | Stephanie von Tiedemann\",\"description\":\"SvT Projekt Organisation\",\"potentialAction\":[{\"@type\":\"SearchAction\",\"target\":{\"@type\":\"EntryPoint\",\"urlTemplate\":\"http:\/\/www.vontiedemann.com\/?s={search_term_string}\"},\"query-input\":{\"@type\":\"PropertyValueSpecification\",\"valueRequired\":true,\"valueName\":\"search_term_string\"}}],\"inLanguage\":\"de\"}]}<\/script>\n<!-- \/ Yoast SEO plugin. -->","yoast_head_json":{"title":"DATENSCHUTZ - Stephanie von Tiedemann","robots":{"index":"index","follow":"follow","max-snippet":"max-snippet:-1","max-image-preview":"max-image-preview:large","max-video-preview":"max-video-preview:-1"},"canonical":"http:\/\/www.vontiedemann.com\/?page_id=44","og_locale":"de_DE","og_type":"article","og_title":"DATENSCHUTZ - Stephanie von Tiedemann","og_description":"1. Datenschutz auf einen Blick Allgemeine Hinweise Die folgenden Hinweise geben einen einfachen \u00dcberblick dar\u00fcber, was mit Ihren personenbezogenen Daten passiert, wenn Sie unsere Website besuchen. Personenbezogene Daten sind alle Daten, mit denen Sie pers\u00f6nlich identifiziert werden k\u00f6nnen. Ausf\u00fchrliche Informationen zum Thema Datenschutz entnehmen Sie unserer unter diesem Text aufgef\u00fchrten Datenschutzerkl\u00e4rung. 2. Allgemeine Hinweise und &hellip; \u201eDATENSCHUTZ\u201c weiterlesen","og_url":"http:\/\/www.vontiedemann.com\/?page_id=44","og_site_name":"Stephanie von Tiedemann","article_modified_time":"2019-02-06T18:37:36+00:00","twitter_card":"summary_large_image","twitter_misc":{"Gesch\u00e4tzte Lesezeit":"3\u00a0Minuten"},"schema":{"@context":"https:\/\/schema.org","@graph":[{"@type":"WebPage","@id":"http:\/\/www.vontiedemann.com\/?page_id=44","url":"http:\/\/www.vontiedemann.com\/?page_id=44","name":"DATENSCHUTZ - Stephanie von Tiedemann","isPartOf":{"@id":"http:\/\/www.vontiedemann.com\/#website"},"datePublished":"2019-02-06T11:58:01+00:00","dateModified":"2019-02-06T18:37:36+00:00","breadcrumb":{"@id":"http:\/\/www.vontiedemann.com\/?page_id=44#breadcrumb"},"inLanguage":"de","potentialAction":[{"@type":"ReadAction","target":["http:\/\/www.vontiedemann.com\/?page_id=44"]}]},{"@type":"BreadcrumbList","@id":"http:\/\/www.vontiedemann.com\/?page_id=44#breadcrumb","itemListElement":[{"@type":"ListItem","position":1,"name":"Startseite","item":"http:\/\/www.vontiedemann.com\/"},{"@type":"ListItem","position":2,"name":"DATENSCHUTZ"}]},{"@type":"WebSite","@id":"http:\/\/www.vontiedemann.com\/#website","url":"http:\/\/www.vontiedemann.com\/","name":"SvT Projekt Organisation | Stephanie von Tiedemann","description":"SvT Projekt Organisation","potentialAction":[{"@type":"SearchAction","target":{"@type":"EntryPoint","urlTemplate":"http:\/\/www.vontiedemann.com\/?s={search_term_string}"},"query-input":{"@type":"PropertyValueSpecification","valueRequired":true,"valueName":"search_term_string"}}],"inLanguage":"de"}]}},"_links":{"self":[{"href":"http:\/\/www.vontiedemann.com\/index.php?rest_route=\/wp\/v2\/pages\/44","targetHints":{"allow":["GET"]}}],"collection":[{"href":"http:\/\/www.vontiedemann.com\/index.php?rest_route=\/wp\/v2\/pages"}],"about":[{"href":"http:\/\/www.vontiedemann.com\/index.php?rest_route=\/wp\/v2\/types\/page"}],"author":[{"embeddable":true,"href":"http:\/\/www.vontiedemann.com\/index.php?rest_route=\/wp\/v2\/users\/1"}],"replies":[{"embeddable":true,"href":"http:\/\/www.vontiedemann.com\/index.php?rest_route=%2Fwp%2Fv2%2Fcomments&post=44"}],"version-history":[{"count":2,"href":"http:\/\/www.vontiedemann.com\/index.php?rest_route=\/wp\/v2\/pages\/44\/revisions"}],"predecessor-version":[{"id":66,"href":"http:\/\/www.vontiedemann.com\/index.php?rest_route=\/wp\/v2\/pages\/44\/revisions\/66"}],"wp:attachment":[{"href":"http:\/\/www.vontiedemann.com\/index.php?rest_route=%2Fwp%2Fv2%2Fmedia&parent=44"}],"curies":[{"name":"wp","href":"https:\/\/api.w.org\/{rel}","templated":true}]}}