{"id":2,"date":"2016-05-10T03:48:21","date_gmt":"2016-05-10T03:48:21","guid":{"rendered":"http:\/\/h46082.web171.dogado.net\/?page_id=2"},"modified":"2019-02-13T13:35:20","modified_gmt":"2019-02-13T13:35:20","slug":"sample-page","status":"publish","type":"page","link":"http:\/\/www.vontiedemann.com\/","title":{"rendered":"HERZLICH WILLKOMMEN!"},"content":{"rendered":"\n<h4 class=\"wp-block-heading\">30 Jahre Erfahrung in der eigenst\u00e4ndigen Organisation von hochkar\u00e4tigen Veranstaltungen mit bis zu 200 anspruchsvollen Teilnehmern<\/h4>\n\n\n\n<figure class=\"wp-block-image\"><img loading=\"lazy\" decoding=\"async\" width=\"1024\" height=\"340\" src=\"http:\/\/h46082.web171.dogado.net\/wp-content\/uploads\/2019\/02\/svt_1-1024x340.jpg\" alt=\"\" class=\"wp-image-12\" srcset=\"http:\/\/www.vontiedemann.com\/wp-content\/uploads\/2019\/02\/svt_1-1024x340.jpg 1024w, http:\/\/www.vontiedemann.com\/wp-content\/uploads\/2019\/02\/svt_1-300x100.jpg 300w, http:\/\/www.vontiedemann.com\/wp-content\/uploads\/2019\/02\/svt_1-768x255.jpg 768w\" sizes=\"auto, (max-width: 767px) 89vw, (max-width: 1000px) 54vw, (max-width: 1071px) 543px, 580px\" \/><\/figure>\n\n\n<p>Diese Teilnehmer stellen hohe Erwartungen und Sicherheitsanforderungen an die Organisation, da es sich h\u00e4ufig um hochkar\u00e4tige Politiker und Wirtschaftsf\u00fchrer handelt. Eine hohe Sensibilit\u00e4t \u2013 sowohl in Bezug auf die G\u00e4ste als auch auf die Veranstalter \u2013 ist genauso gefragt wie diplomatisches Geschick.<\/p>\n<p><strong>Mein h\u00f6chster Anspruch ist, da\u00df die G\u00e4ste meiner Kunden zufrieden sind!<\/strong><\/p>\n<p>Meine Kompetenz: Vorauszudenken, die W\u00fcnsche und Vorstellungen meiner Kunden zu erfassen und in die Realit\u00e4t umzusetzen. Es ist mir bisher immer gelungen, mit den Kosten unter dem verabredeten Budget zu bleiben \u2013 einschlie\u00dflich meines Honorars. Meine Kunden best\u00e4tigen, Dank meines Verhandlungsgeschicks mehr Geld gespart, als in meine Arbeit investiert zu haben.<\/p>","protected":false},"excerpt":{"rendered":"<p>30 Jahre Erfahrung in der eigenst\u00e4ndigen Organisation von hochkar\u00e4tigen Veranstaltungen mit bis zu 200 anspruchsvollen Teilnehmern Diese Teilnehmer stellen hohe Erwartungen und Sicherheitsanforderungen an die Organisation, da es sich h\u00e4ufig um hochkar\u00e4tige Politiker und Wirtschaftsf\u00fchrer handelt. Eine hohe Sensibilit\u00e4t \u2013 sowohl in Bezug auf die G\u00e4ste als auch auf die Veranstalter \u2013 ist genauso gefragt &hellip; <\/p>\n<p class=\"link-more\"><a href=\"http:\/\/www.vontiedemann.com\/\" class=\"more-link\"><span class=\"screen-reader-text\">\u201eHERZLICH WILLKOMMEN!\u201c<\/span> weiterlesen<\/a><\/p>\n","protected":false},"author":1,"featured_media":88,"parent":0,"menu_order":0,"comment_status":"closed","ping_status":"closed","template":"","meta":{"footnotes":""},"class_list":["post-2","page","type-page","status-publish","has-post-thumbnail","hentry"],"yoast_head":"<!-- This site is optimized with the Yoast SEO plugin v25.6 - https:\/\/yoast.com\/wordpress\/plugins\/seo\/ -->\n<title>HERZLICH WILLKOMMEN! - Stephanie von Tiedemann<\/title>\n<meta name=\"robots\" content=\"index, follow, max-snippet:-1, max-image-preview:large, max-video-preview:-1\" \/>\n<link rel=\"canonical\" href=\"http:\/\/www.vontiedemann.com\/\" \/>\n<meta property=\"og:locale\" content=\"de_DE\" \/>\n<meta property=\"og:type\" content=\"article\" \/>\n<meta property=\"og:title\" content=\"HERZLICH WILLKOMMEN! - Stephanie von Tiedemann\" \/>\n<meta property=\"og:description\" content=\"30 Jahre Erfahrung in der eigenst\u00e4ndigen Organisation von hochkar\u00e4tigen Veranstaltungen mit bis zu 200 anspruchsvollen Teilnehmern Diese Teilnehmer stellen hohe Erwartungen und Sicherheitsanforderungen an die Organisation, da es sich h\u00e4ufig um hochkar\u00e4tige Politiker und Wirtschaftsf\u00fchrer handelt. Eine hohe Sensibilit\u00e4t \u2013 sowohl in Bezug auf die G\u00e4ste als auch auf die Veranstalter \u2013 ist genauso gefragt &hellip; \u201eHERZLICH WILLKOMMEN!\u201c weiterlesen\" \/>\n<meta property=\"og:url\" content=\"http:\/\/www.vontiedemann.com\/\" \/>\n<meta property=\"og:site_name\" content=\"Stephanie von Tiedemann\" \/>\n<meta property=\"article:modified_time\" content=\"2019-02-13T13:35:20+00:00\" \/>\n<meta property=\"og:image\" content=\"http:\/\/www.vontiedemann.com\/wp-content\/uploads\/2019\/02\/DSC_0763.jpg\" \/>\n\t<meta property=\"og:image:width\" content=\"2000\" \/>\n\t<meta property=\"og:image:height\" content=\"1200\" \/>\n\t<meta property=\"og:image:type\" content=\"image\/jpeg\" \/>\n<meta name=\"twitter:card\" content=\"summary_large_image\" \/>\n<meta name=\"twitter:label1\" content=\"Gesch\u00e4tzte Lesezeit\" \/>\n\t<meta name=\"twitter:data1\" content=\"1\u00a0Minute\" \/>\n<script type=\"application\/ld+json\" class=\"yoast-schema-graph\">{\"@context\":\"https:\/\/schema.org\",\"@graph\":[{\"@type\":\"WebPage\",\"@id\":\"http:\/\/www.vontiedemann.com\/\",\"url\":\"http:\/\/www.vontiedemann.com\/\",\"name\":\"HERZLICH WILLKOMMEN! - Stephanie von Tiedemann\",\"isPartOf\":{\"@id\":\"http:\/\/www.vontiedemann.com\/#website\"},\"primaryImageOfPage\":{\"@id\":\"http:\/\/www.vontiedemann.com\/#primaryimage\"},\"image\":{\"@id\":\"http:\/\/www.vontiedemann.com\/#primaryimage\"},\"thumbnailUrl\":\"http:\/\/www.vontiedemann.com\/wp-content\/uploads\/2019\/02\/DSC_0763.jpg\",\"datePublished\":\"2016-05-10T03:48:21+00:00\",\"dateModified\":\"2019-02-13T13:35:20+00:00\",\"breadcrumb\":{\"@id\":\"http:\/\/www.vontiedemann.com\/#breadcrumb\"},\"inLanguage\":\"de\",\"potentialAction\":[{\"@type\":\"ReadAction\",\"target\":[\"http:\/\/www.vontiedemann.com\/\"]}]},{\"@type\":\"ImageObject\",\"inLanguage\":\"de\",\"@id\":\"http:\/\/www.vontiedemann.com\/#primaryimage\",\"url\":\"http:\/\/www.vontiedemann.com\/wp-content\/uploads\/2019\/02\/DSC_0763.jpg\",\"contentUrl\":\"http:\/\/www.vontiedemann.com\/wp-content\/uploads\/2019\/02\/DSC_0763.jpg\",\"width\":2000,\"height\":1200},{\"@type\":\"BreadcrumbList\",\"@id\":\"http:\/\/www.vontiedemann.com\/#breadcrumb\",\"itemListElement\":[{\"@type\":\"ListItem\",\"position\":1,\"name\":\"Startseite\",\"item\":\"http:\/\/www.vontiedemann.com\/\"},{\"@type\":\"ListItem\",\"position\":2,\"name\":\"HERZLICH WILLKOMMEN!\"}]},{\"@type\":\"WebSite\",\"@id\":\"http:\/\/www.vontiedemann.com\/#website\",\"url\":\"http:\/\/www.vontiedemann.com\/\",\"name\":\"SvT Projekt Organisation | Stephanie von Tiedemann\",\"description\":\"SvT Projekt Organisation\",\"potentialAction\":[{\"@type\":\"SearchAction\",\"target\":{\"@type\":\"EntryPoint\",\"urlTemplate\":\"http:\/\/www.vontiedemann.com\/?s={search_term_string}\"},\"query-input\":{\"@type\":\"PropertyValueSpecification\",\"valueRequired\":true,\"valueName\":\"search_term_string\"}}],\"inLanguage\":\"de\"}]}<\/script>\n<!-- \/ Yoast SEO plugin. -->","yoast_head_json":{"title":"HERZLICH WILLKOMMEN! - Stephanie von Tiedemann","robots":{"index":"index","follow":"follow","max-snippet":"max-snippet:-1","max-image-preview":"max-image-preview:large","max-video-preview":"max-video-preview:-1"},"canonical":"http:\/\/www.vontiedemann.com\/","og_locale":"de_DE","og_type":"article","og_title":"HERZLICH WILLKOMMEN! - Stephanie von Tiedemann","og_description":"30 Jahre Erfahrung in der eigenst\u00e4ndigen Organisation von hochkar\u00e4tigen Veranstaltungen mit bis zu 200 anspruchsvollen Teilnehmern Diese Teilnehmer stellen hohe Erwartungen und Sicherheitsanforderungen an die Organisation, da es sich h\u00e4ufig um hochkar\u00e4tige Politiker und Wirtschaftsf\u00fchrer handelt. Eine hohe Sensibilit\u00e4t \u2013 sowohl in Bezug auf die G\u00e4ste als auch auf die Veranstalter \u2013 ist genauso gefragt &hellip; \u201eHERZLICH WILLKOMMEN!\u201c weiterlesen","og_url":"http:\/\/www.vontiedemann.com\/","og_site_name":"Stephanie von Tiedemann","article_modified_time":"2019-02-13T13:35:20+00:00","og_image":[{"width":2000,"height":1200,"url":"http:\/\/www.vontiedemann.com\/wp-content\/uploads\/2019\/02\/DSC_0763.jpg","type":"image\/jpeg"}],"twitter_card":"summary_large_image","twitter_misc":{"Gesch\u00e4tzte Lesezeit":"1\u00a0Minute"},"schema":{"@context":"https:\/\/schema.org","@graph":[{"@type":"WebPage","@id":"http:\/\/www.vontiedemann.com\/","url":"http:\/\/www.vontiedemann.com\/","name":"HERZLICH WILLKOMMEN! - Stephanie von Tiedemann","isPartOf":{"@id":"http:\/\/www.vontiedemann.com\/#website"},"primaryImageOfPage":{"@id":"http:\/\/www.vontiedemann.com\/#primaryimage"},"image":{"@id":"http:\/\/www.vontiedemann.com\/#primaryimage"},"thumbnailUrl":"http:\/\/www.vontiedemann.com\/wp-content\/uploads\/2019\/02\/DSC_0763.jpg","datePublished":"2016-05-10T03:48:21+00:00","dateModified":"2019-02-13T13:35:20+00:00","breadcrumb":{"@id":"http:\/\/www.vontiedemann.com\/#breadcrumb"},"inLanguage":"de","potentialAction":[{"@type":"ReadAction","target":["http:\/\/www.vontiedemann.com\/"]}]},{"@type":"ImageObject","inLanguage":"de","@id":"http:\/\/www.vontiedemann.com\/#primaryimage","url":"http:\/\/www.vontiedemann.com\/wp-content\/uploads\/2019\/02\/DSC_0763.jpg","contentUrl":"http:\/\/www.vontiedemann.com\/wp-content\/uploads\/2019\/02\/DSC_0763.jpg","width":2000,"height":1200},{"@type":"BreadcrumbList","@id":"http:\/\/www.vontiedemann.com\/#breadcrumb","itemListElement":[{"@type":"ListItem","position":1,"name":"Startseite","item":"http:\/\/www.vontiedemann.com\/"},{"@type":"ListItem","position":2,"name":"HERZLICH WILLKOMMEN!"}]},{"@type":"WebSite","@id":"http:\/\/www.vontiedemann.com\/#website","url":"http:\/\/www.vontiedemann.com\/","name":"SvT Projekt Organisation | Stephanie von Tiedemann","description":"SvT Projekt Organisation","potentialAction":[{"@type":"SearchAction","target":{"@type":"EntryPoint","urlTemplate":"http:\/\/www.vontiedemann.com\/?s={search_term_string}"},"query-input":{"@type":"PropertyValueSpecification","valueRequired":true,"valueName":"search_term_string"}}],"inLanguage":"de"}]}},"_links":{"self":[{"href":"http:\/\/www.vontiedemann.com\/index.php?rest_route=\/wp\/v2\/pages\/2","targetHints":{"allow":["GET"]}}],"collection":[{"href":"http:\/\/www.vontiedemann.com\/index.php?rest_route=\/wp\/v2\/pages"}],"about":[{"href":"http:\/\/www.vontiedemann.com\/index.php?rest_route=\/wp\/v2\/types\/page"}],"author":[{"embeddable":true,"href":"http:\/\/www.vontiedemann.com\/index.php?rest_route=\/wp\/v2\/users\/1"}],"replies":[{"embeddable":true,"href":"http:\/\/www.vontiedemann.com\/index.php?rest_route=%2Fwp%2Fv2%2Fcomments&post=2"}],"version-history":[{"count":10,"href":"http:\/\/www.vontiedemann.com\/index.php?rest_route=\/wp\/v2\/pages\/2\/revisions"}],"predecessor-version":[{"id":77,"href":"http:\/\/www.vontiedemann.com\/index.php?rest_route=\/wp\/v2\/pages\/2\/revisions\/77"}],"wp:featuredmedia":[{"embeddable":true,"href":"http:\/\/www.vontiedemann.com\/index.php?rest_route=\/wp\/v2\/media\/88"}],"wp:attachment":[{"href":"http:\/\/www.vontiedemann.com\/index.php?rest_route=%2Fwp%2Fv2%2Fmedia&parent=2"}],"curies":[{"name":"wp","href":"https:\/\/api.w.org\/{rel}","templated":true}]}}